{"id":2704,"date":"2018-05-20T21:59:30","date_gmt":"2018-05-20T18:59:30","guid":{"rendered":"http:\/\/palosaarenurheiluseura.fi\/?page_id=2704"},"modified":"2018-05-20T22:01:15","modified_gmt":"2018-05-20T19:01:15","slug":"tietosuojaseloste","status":"publish","type":"page","link":"http:\/\/palosaarenurheiluseura.fi\/?page_id=2704","title":{"rendered":"Tietosuojaseloste"},"content":{"rendered":"<p>Palosaaren Urheiluseura ry:n tietosuojaseloste<br \/>\nEU:n tietosuoja-asetuksen (GDRP) mukainen tietoturvaseloste, laadittu 6.5.2018<\/p>\n<h2>Rekisterinpit\u00e4j\u00e4:<\/h2>\n<p>Palosaaren Urheiluseura ry (Y-tunnus 1043926-0)<br \/>\nKatso ajantasaiset yhteystiedot osoitteesta <a href=\"http:\/\/www.palosaarenurheiluseura.fi\">www.palosaarenurheiluseura.fi<\/a><\/p>\n<h2>Rekisterin nimi:<\/h2>\n<p>Palosaaren Urheiluseura ry:n j\u00e4sen- ja asiakasrekisteri<\/p>\n<h2>Rekisterin pit\u00e4misen peruste:<\/h2>\n<p>J\u00e4senyys tai asiakkaan suostumus sek\u00e4 oikeutettu etu.<\/p>\n<h2>Rekisterin k\u00e4ytt\u00f6tarkoitus:<\/h2>\n<p>J\u00e4senrekisteritietoja k\u00e4ytet\u00e4\u00e4n Palosaaren Urheiluseura ry:n j\u00e4senasioiden hallintaan, hoitamiseen, yll\u00e4pit\u00e4miseen ja kehitt\u00e4miseen, tarjonnan kohdistamiseen, analysointiin, palveluiden tuottamiseen, tarjoamiseen ja kehitt\u00e4miseen sek\u00e4 yhdistyksen historian tallettamiseen.<\/p>\n<p>Rekisteritietoja voidaan k\u00e4ytt\u00e4\u00e4 Palosaaren Urheiluseuran ja j\u00e4senen tai asiakkaan v\u00e4liseen markkinointiin (ml. s\u00e4hk\u00f6inen suoramarkkinointi) ja sen kohdentamiseen lains\u00e4\u00e4d\u00e4nn\u00f6n sallimissa rajoissa. J\u00e4senell\u00e4 ja asiakkaalla on oikeus kielt\u00e4\u00e4 h\u00e4nt\u00e4 koskeva suoramarkkinointi.<\/p>\n<p>Asiakkaan tai j\u00e4senen ottaessa yhteytt\u00e4 Palosaaren Urheiluseuraan voidaan s\u00e4hk\u00f6postiviestit tallentaa. Tallennettua viestint\u00e4\u00e4 voidaan k\u00e4ytt\u00e4\u00e4 asiakas- ja j\u00e4senpalvelutapahtumien todentamiseen. Ainoastaan asiakas- ja j\u00e4sentietojen k\u00e4sittelyyn oikeutetut henkil\u00f6t eli kulloinenkin yhdistyksen johtokunta sek\u00e4 muut toiminnan vastuuhenkil\u00f6t k\u00e4sittelev\u00e4t tallennettua viestint\u00e4\u00e4.<\/p>\n<p>Voimme k\u00e4ytt\u00e4\u00e4 asiakkaan ja j\u00e4senen tietoja my\u00f6s petoksilta ja muilta rikoksilta, vaatimuksilta ja vastuilta suojautumiseksi sek\u00e4 niiden tunnistamiseksi ja ennaltaehk\u00e4isemiseksi. Voimme k\u00e4ytt\u00e4\u00e4 tietoja sovellettavan lain noudattamiseksi.<\/p>\n<h2>Rekisterin sis\u00e4lt\u00e4m\u00e4t tiedot:<\/h2>\n<p>Rekisteri voi sis\u00e4lt\u00e4\u00e4 Palosaaren Urheiluseuran j\u00e4senist\u00e4 ja palveluiden k\u00e4ytt\u00e4jist\u00e4 seuraavia tietoja: Asiakkaan nimi, puhelinnumero(t), osoite, s\u00e4hk\u00f6postiosoite, syntym\u00e4aika tai henkil\u00f6tunnus, lisenssin laji ja numero, p\u00e4tevyydet (sis. mahdollinen kortin numero), ansiomerkit ja muut palkitsemiset, osallistuminen eri kilpailuihin, tapahtumiin, kursseille, koulutuksiin ja talkoisiin sek\u00e4 tulokset eri kilpailuista.<\/p>\n<p>Rekisteri sis\u00e4lt\u00e4\u00e4 my\u00f6s suoramarkkinointiluvat ja -kiellot.<\/p>\n<h2>Rekisteritietojen tietol\u00e4hde:<\/h2>\n<p>Henkil\u00f6tietoja ker\u00e4t\u00e4\u00e4n j\u00e4senyyden hakemisen yhteydess\u00e4, palveluita k\u00e4ytett\u00e4ess\u00e4 tai yhdistyksen toimintaan osallistuessa tai muutoin suoraan rekister\u00f6idylt\u00e4. J\u00e4senen tai toimintaan osallistuvan tietoja voidaan ker\u00e4t\u00e4 my\u00f6s eri lajiliittojen lisenssij\u00e4rjestelmist\u00e4.<\/p>\n<h2>Tietojen luovutus:<\/h2>\n<p>Henkil\u00f6tietoja voidaan luovuttaa yhteisty\u00f6kumppaneille (l\u00e4hinn\u00e4 lajiliitot) palvelun suorittamiseksi, etusi edist\u00e4miseksi sek\u00e4 tilastointia varten.<\/p>\n<p>Tietoja ei siirret\u00e4 tai luovuteta EU:n tai Euroopan talousalueen ulkopuolelle.<\/p>\n<p>Tietojen k\u00e4sittelyn teknisen tai operatiivisen toteuttamisen johdosta osa tiedoista voi sijaita Palosaaren Urheiluseuran yhteisty\u00f6kumppaneilla (lajiliitot tai kisaorganisaatiot) tai tietoja saatetaan muuten k\u00e4sitell\u00e4 teknisen k\u00e4ytt\u00f6yhteyden avulla. Palosaaren Urheiluseura voi my\u00f6s k\u00e4ytt\u00e4\u00e4 alihankkijoita tietojen k\u00e4sittelyss\u00e4. Emme salli alihankkijoiden luovuttavan tietoja eteenp\u00e4in muuhun tarkoitukseen.<\/p>\n<p>Palosaaren Urheiluseuralla on oikeus k\u00e4ytt\u00e4\u00e4 tai luovuttaa tietoja, mik\u00e4li se on tarpeen lain johdosta, teknologian suojaamiseksi, oikeusvaateilta puolustautumiseksi tai niiden esitt\u00e4miseksi.<\/p>\n<p>Ilmoittautumalla ja osallistumalla yhdistyksen j\u00e4rjest\u00e4m\u00e4\u00e4n toimintaan, kuten esimerkiksi kilpailut ja koulutukset, asiakas antaa yhdistykselle oikeuden julkaista osallistuja-, l\u00e4ht\u00f6- ja tuloslistat yhdistyksen nettisivuilla sek\u00e4 asettaa n\u00e4ht\u00e4ville tapahtumapaikalle.<\/p>\n<h2>Alaik\u00e4isten henkil\u00f6iden tietojen k\u00e4sittely:<\/h2>\n<p>Palosaaren Urheiluseura k\u00e4sittelee my\u00f6s alaik\u00e4isten j\u00e4senten henkil\u00f6tietoja samassa laajuudessa kuin edell\u00e4 on kuvattu. Henkil\u00f6tietoja k\u00e4sitell\u00e4\u00e4n ainoastaan huoltajien suostumuksella.<\/p>\n<h2>Rekisterin suojauksen periaatteet ja asiakasrekisterin luottamuksellisuus:<\/h2>\n<p>Olemme sitoutuneet huolehtimaan asianmukaisista toimenpiteist\u00e4 pit\u00e4\u00e4ksemme henkil\u00f6tiedot turvassa. Tekniset, hallinnolliset ja fyysiset prosessimme on suunniteltu suojaamaan henkil\u00f6tiedot vahingossa tapahtuvalta, laittomalta tai luvattomalta h\u00e4vi\u00e4miselt\u00e4, tietoihin p\u00e4\u00e4sylt\u00e4, luovuttamiselta, k\u00e4yt\u00f6lt\u00e4, muuttamiselta tai tuhoamiselta. Vaikka huolehdimme rekistereidemme suojaamisesta, emme kuitenkaan voi taata, ett\u00e4 internet-sivu, tietokonej\u00e4rjestelm\u00e4 tai tietojen siirto internetin tai muun julkisen verkon v\u00e4lityksell\u00e4 on t\u00e4ysin turvallinen.<\/p>\n<p>J\u00e4senrekisteri on vain kulloisenkin yhdistyksen johtokunnan, jaostojen vastuuhenkil\u00f6iden sek\u00e4 ryhmien ohjaajien tarkasteltavissa ja k\u00e4ytett\u00e4viss\u00e4.<\/p>\n<p>Tiedot henkil\u00f6iden osallistumisesta kilpailuihin, tapahtumiin, kursseille, koulutuksiin ja talkoisiin ovat yhdistyksen eri vastuu- ja toimihenkil\u00f6iden sek\u00e4 kisaorganisaatioiden k\u00e4yt\u00f6ss\u00e4 j\u00e4rjestelyteht\u00e4vien ajan, jonka j\u00e4lkeen ne siirtyv\u00e4t yhdistyksen arkistoon. Yhdistyksen arkisto (s\u00e4hk\u00f6inen ja paperiarkisto) on kulloisenkin johtokunnan hallinnassa.<\/p>\n<p>Palosaaren Urheiluseura hallinnoi j\u00e4sentens\u00e4 sek\u00e4 palveluiden k\u00e4ytt\u00e4jien tietoja my\u00f6s kolmannen osapuolen (lajiliitot) j\u00e4rjestelmien kautta. N\u00e4iden j\u00e4rjestelmien k\u00e4ytt\u00f6oikeus edellytt\u00e4\u00e4 j\u00e4rjestelm\u00e4n p\u00e4\u00e4k\u00e4ytt\u00e4j\u00e4n my\u00f6nt\u00e4m\u00e4\u00e4 k\u00e4ytt\u00e4j\u00e4tunnusta. P\u00e4\u00e4k\u00e4ytt\u00e4j\u00e4 m\u00e4\u00e4ritt\u00e4\u00e4 my\u00f6s k\u00e4ytt\u00e4jille my\u00f6nnett\u00e4v\u00e4n k\u00e4ytt\u00f6oikeustason. J\u00e4rjestelm\u00e4n k\u00e4ynnist\u00e4minen edellytt\u00e4\u00e4 henkil\u00f6kohtaista salasanaa. Rekisterin k\u00e4ytt\u00f6\u00e4 ja sis\u00e4\u00e4nkirjautumisia valvotaan.<\/p>\n<p>Palosaaren Urheiluseuran johtokunnalla ja sen lukuun toimivilla j\u00e4senill\u00e4 on vaitiolovelvollisuus liittyen kaikkiin j\u00e4sen- ja asiakastietoihin. Johtokunta ja tarvittavat j\u00e4senet ovat saaneet koulutusta ja ohjeistusta tietojen asianmukaisesta ja turvallisesta k\u00e4sittelyst\u00e4.<\/p>\n<h2>Rekister\u00f6idyn oikeudet:<\/h2>\n<p>J\u00e4senell\u00e4 ja asiakkaalla on oikeus tarkistaa, mit\u00e4 h\u00e4nt\u00e4 koskevia tietoja rekisteriin on tallennettu. Tarkastuspyynt\u00f6 tulee l\u00e4hett\u00e4\u00e4 kirjallisesti ja allekirjoitettuna yhdistyksen puheenjohtajalle. Tarkista ajantasaiset yhteystiedot osoitteesta <a href=\"http:\/\/www.palosaarenurheiluseura.fi\">www.palosaarenurheiluseura.fi<\/a>.<\/p>\n<p>Tarkastuspyynn\u00f6ss\u00e4 tulee olla maininta, ett\u00e4 pyynt\u00f6 koskee Palosaaren Urheiluseura ry:n j\u00e4sen- ja asiakasrekisterin tietoja.<\/p>\n<p>Voit kielt\u00e4yty\u00e4 suoramarkkinoinnista (j\u00e4sentiedotteista) ottamalla yhteytt\u00e4 yhdistyksen sihteeriin. Tarkista ajantasaiset yhteystiedot osoitteesta <a href=\"http:\/\/www.palosaarenurheiluseura.fi\">www.palosaarenurheiluseura.fi<\/a>.<\/p>\n<p>Sin\u00e4 hallitset kaikkia henkil\u00f6tietoja, jotka annat meille. Jos miss\u00e4\u00e4n vaiheessa haluat korjata henkil\u00f6tietojasi, ota meihin yhteytt\u00e4. Lis\u00e4ksi sinulla on tietyiss\u00e4 tilanteissa oikeus pyyt\u00e4\u00e4 sinua koskevien henkil\u00f6tietojen poistamista rekisterist\u00e4 sek\u00e4 pyyt\u00e4\u00e4 niiden siirt\u00e4mist\u00e4 toiselle yhdistykselle. Sinulla on oikeus rajoittaa henkil\u00f6tietojen k\u00e4sittely\u00e4 ja vastustaa henkil\u00f6tietojen k\u00e4sittely\u00e4.<\/p>\n<p>Pyyd\u00e4mme kuitenkin huomioimaan, ett\u00e4 tietojen antaminen ja k\u00e4sittelyn salliminen on aina j\u00e4senyyden ja tietyiss\u00e4 tilanteissa palvelujen k\u00e4ytt\u00e4misen edellytys. Yhdistys varaa oikeuden keskeytt\u00e4\u00e4 palveluiden tarjoamisen tai est\u00e4\u00e4 j\u00e4senyys, mik\u00e4li rekister\u00f6ity ei anna palvelun kannalta olennaisia tietoja tai vaatii niiden poistamista.<\/p>\n<h2>Henkil\u00f6tietojen s\u00e4ilytt\u00e4minen:<\/h2>\n<p>S\u00e4ilyt\u00e4mme j\u00e4senten henkil\u00f6tiedot aktiivisessa k\u00e4yt\u00f6ss\u00e4 vain niin kauan kuin tietoja voidaan pit\u00e4\u00e4 tarpeellisina t\u00e4ss\u00e4 tietosuojaselosteessa kuvattujen k\u00e4ytt\u00f6tarkoitusten kannalta, ellei tietojen s\u00e4ilytt\u00e4minen t\u00e4t\u00e4 pidemp\u00e4\u00e4n ole lain edellytt\u00e4m\u00e4 tai lain nojalla sallittu.<\/p>\n<p>J\u00e4senluettelo (tilanne vuoden viimeisen\u00e4 p\u00e4iv\u00e4n\u00e4) sek\u00e4 muut osallistuja- ja tulosluettelot s\u00e4ilytet\u00e4\u00e4n pysyv\u00e4sti osana yhdistyksen arkistoa.<\/p>\n<h2>Muutokset tietosuojaselosteeseen:<\/h2>\n<p>T\u00e4t\u00e4 tietosuojaselostetta sovelletaan yll\u00e4 mainitusta p\u00e4iv\u00e4yksest\u00e4 lukien. Saatamme muuttaa t\u00e4t\u00e4 tietosuojaselostetta aika ajoin. Sinun tulisi tarkistaa s\u00e4\u00e4nn\u00f6llisesti tietosuojaselosteen uusin versio osoitteesta <a href=\"http:\/\/www.palosaarenurheiluseura.fi\">www.palosaarenurheiluseura.fi<\/a>.<\/p>\n","protected":false},"excerpt":{"rendered":"<p>Palosaaren Urheiluseura ry:n tietosuojaseloste EU:n tietosuoja-asetuksen (GDRP) mukainen tietoturvaseloste, laadittu 6.5.2018 Rekisterinpit\u00e4j\u00e4: Palosaaren Urheiluseura ry (Y-tunnus 1043926-0) Katso ajantasaiset yhteystiedot osoitteesta www.palosaarenurheiluseura.fi Rekisterin nimi: Palosaaren Urheiluseura ry:n j\u00e4sen- ja asiakasrekisteri Rekisterin pit\u00e4misen peruste: J\u00e4senyys tai asiakkaan suostumus sek\u00e4 oikeutettu etu. Rekisterin k\u00e4ytt\u00f6tarkoitus: J\u00e4senrekisteritietoja k\u00e4ytet\u00e4\u00e4n Palosaaren Urheiluseura ry:n j\u00e4senasioiden hallintaan, hoitamiseen, yll\u00e4pit\u00e4miseen ja kehitt\u00e4miseen, tarjonnan kohdistamiseen, [&hellip;]<\/p>\n","protected":false},"author":3,"featured_media":0,"parent":1871,"menu_order":0,"comment_status":"closed","ping_status":"closed","template":"","meta":{"footnotes":""},"class_list":["post-2704","page","type-page","status-publish","hentry"],"_links":{"self":[{"href":"http:\/\/palosaarenurheiluseura.fi\/index.php?rest_route=\/wp\/v2\/pages\/2704","targetHints":{"allow":["GET"]}}],"collection":[{"href":"http:\/\/palosaarenurheiluseura.fi\/index.php?rest_route=\/wp\/v2\/pages"}],"about":[{"href":"http:\/\/palosaarenurheiluseura.fi\/index.php?rest_route=\/wp\/v2\/types\/page"}],"author":[{"embeddable":true,"href":"http:\/\/palosaarenurheiluseura.fi\/index.php?rest_route=\/wp\/v2\/users\/3"}],"replies":[{"embeddable":true,"href":"http:\/\/palosaarenurheiluseura.fi\/index.php?rest_route=%2Fwp%2Fv2%2Fcomments&post=2704"}],"version-history":[{"count":1,"href":"http:\/\/palosaarenurheiluseura.fi\/index.php?rest_route=\/wp\/v2\/pages\/2704\/revisions"}],"predecessor-version":[{"id":2705,"href":"http:\/\/palosaarenurheiluseura.fi\/index.php?rest_route=\/wp\/v2\/pages\/2704\/revisions\/2705"}],"up":[{"embeddable":true,"href":"http:\/\/palosaarenurheiluseura.fi\/index.php?rest_route=\/wp\/v2\/pages\/1871"}],"wp:attachment":[{"href":"http:\/\/palosaarenurheiluseura.fi\/index.php?rest_route=%2Fwp%2Fv2%2Fmedia&parent=2704"}],"curies":[{"name":"wp","href":"https:\/\/api.w.org\/{rel}","templated":true}]}}